14*g**2 - 19*g - 33. Give n(-1).
19
Let i(w) = -320*w - 778. Determine i(-3).
182
Let j(d) = 158*d**2 + 7886*d - 766. Determine j(-50).
-66
Let v(h) = -4*h**2 - 257*h - 7897. Give v(-46).
-4539
Let s(r) = -13853*r - 928168. What is s(-67)?
-17
Let k(m) = -m**2 - 18337*m + 495805. What is k(27)?
-23
Let j(q) = -117*q**2 - 5969*q - 22. What is j(-51)?
80
Let g(t) = 4*t**3 - 45*t**2 + 20*t - 245. Calculate g(14).
2191
Let d(x) = 299*x**3 - 1760*x**2 - 200*x - 40. Determine d(6).
-16
Let b(q) = 2*q**3 - 49*q**2 + 90*q - 374. Give b(23).
109
Let d(l) = -l**3 - 29*l**2 - 41*l + 265. Determine d(-4).
29
Let j(m) = 950*m + 229046. Calculate j(-241).
96
Let h(z) = -367*z + 97257. Determine h(265).
2
Let b(p) = -3*p**2 + 421*p - 6880. Give b(18).
-274
Let x(j) = j**2 + 12*j - 133935. Give x(-372).
-15
Let f(m) = 2*m**3 - 6*m**2 - 206*m + 1089. Calculate f(-12).
-759
Let g(q) = -q**3 - 327*q**2 + 2676*q - 1306. Give g(-335).
34
Let d(m) = -m**3 + 75*m**2 - 1074*m + 1439. Determine d(17).
-57
Let v(n) = 3*n**2 + 335642*n - 1678283. Calculate v(5).
2
Let p(v) = 55*v**2 - 3*v + 113. Give p(-6).
2111
Let m(b) = -b**3 + 504*b**2 - 18131*b - 17160. What is m(40)?
0
Let v(i) = i**3 - 49*i**2 + 408*i + 10. What is v(19)?
-3068
Let h(t) = -3*t**3 - 494*t**2 + 205*t + 6752. Calculate h(-165).
152
Let u(p) = -183*p - 10840. Determine u(-61).
323
Let j(x) = 146*x**2 - 1157*x + 12. What is j(8)?
100
Let u(z) = 155440*z + 155448. Determine u(-1).
8
Let y(n) = 6*n**2 - 16*n - 23. Calculate y(3).
-17
Let n(v) = 781*v**2 - 22647*v - 121. Give n(29).
-63
Let n(s) = s**3 + 175*s**2 - 2636*s + 1862. Calculate n(-189).
-28
Let c(j) = -15*j - 242. What is c(-11)?
-77
Let d(p) = -2*p**3 + 408*p**2 + 4920*p + 2098. What is d(-11)?
8
Let l(o) = -24*o**2 - 238*o - 38. Give l(-9).
160
Let g(v) = 320*v - 28756. Give g(91).
364
Let t(o) = 15*o**2 + 415*o - 6206. Determine t(-38).
-316
Let a(r) = -3*r**3 - 25*r**2 + 597*r + 3825. Give a(-6).
-9
Let g(v) = v**2 + 31139*v + 1771668. What is g(-57)?
-6
Let h(v) = -2*v**3 + 3*v**2 - 1171*v - 2354. What is h(-2)?
16
Let x(d) = -1155*d - 29457. Give x(-26).
573
Let d(i) = -i**3 - 13*i**2 - 16267*i - 244443. Determine d(-15).
12
Let x(b) = 15274*b + 137457. Give x(-9).
-9
Let d(g) = 111205*g - 890099. What is d(8)?
-459
Let g(m) = -11*m**3 - 1447*m**2 - 804*m - 2355. Give g(-131).
3
Let i(a) = 5*a**2 - 1595*a - 4753. Give i(-3).
77
Let b(s) = 552*s + 10839. What is b(-11)?
4767
Let g(b) = b**3 + 23*b**2 - 53*b - 1369. What is g(-23)?
-150
Let l(b) = 569*b - 520. Give l(1).
49
Let x(z) = z**3 + 48*z**2 - 123*z + 1667. Calculate x(-51).
137
Let i(p) = -158*p + 2791. Determine i(14).
579
Let o(z) = -5674*z + 113503. What is o(20)?
23
Let x(q) = -3*q**3 + 18*q**2 + 109*q + 35. Calculate x(10).
-75
Let k(m) = 68*m**3 + 466*m**2 - 7*m + 19. Calculate k(-7).
-422
Let h(d) = 5*d**3 + 43*d**2 - 42*d - 84. What is h(-1)?
-4
Let c(w) = -3*w**3 - 660*w**2 - 1251*w + 12433. Calculate c(-218).
7
Let g(m) = m**2 - 14925*m + 119318. Give g(8).
-18
Let y(v) = 3*v**2 - 168*v - 1709. What is y(-9)?
46
Let t(c) = 44500*c - 8. Determine t(0).
-8
Let l(c) = 6*c**2 - 558*c - 552. Determine l(94).
12
Let h(r) = -r**3 - 19*r**2 + 411*r - 1652. Calculate h(7).
-49
Let l(v) = 8360*v - 1019930. Determine l(122).
-10
Let m(h) = -39*h**2 - 1055*h + 104. Give m(-27).
158
Let y(x) = -27767*x - 3443087. Determine y(-124).
21
Let j(f) = -f**2 + 1781*f + 79208. Determine j(-45).
-2962
Let d(y) = -4498*y - 148388. What is d(-33)?
46
Let m(i) = -i**3 + 267*i**2 + 520*i + 4796. What is m(269)?
-46
Let k(a) = -13515*a - 94604. Calculate k(-7).
1
Let c(i) = -53*i**3 - 12*i**2 + 13*i - 33. Give c(0).
-33
Let m(l) = -2*l**2 + 19342*l - 231795. Determine m(12).
21
Let d(v) = -25*v + 2854. Calculate d(83).
779
Let o(d) = 392*d**2 - 2761*d + 7. Calculate o(7).
-112
Let g(n) = 820540*n + 8205415. Calculate g(-10).
15
Let f(h) = 485*h + 62616. Determine f(-129).
51
Let t(l) = -l**3 + 19*l**2 - 160*l - 29. Determine t(11).
-821
Let g(v) = -372*v + 7998. Give g(21).
186
Let w(g) = 406*g**2 - 15028*g + 212. Determine w(37).
-10
Let v(p) = -6985*p - 782266. What is v(-112)?
54
Let x(c) = -3*c**2 - 51*c - 2455. What is x(-23)?
-2869
Let j(g) = -16*g**2 - 2307*g + 9481. Calculate j(4).
-3
Let s(o) = -2*o**2 - 20*o + 4555. What is s(45)?
-395
Let h(x) = -43*x**2 + 24*x - 1. Give h(1).
-20
Let i(x) = -x**3 - 585*x**2 - 4474*x + 1097. Calculate i(-8).
-39
Let h(l) = -53902*l - 2695108. Give h(-50).
-8
Let u(l) = 1145*l + 222. Calculate u(0).
222
Let t(b) = -1133*b - 368189. Calculate t(-325).
36
Let k(y) = -y**3 - 514*y**2 + 64275*y - 314. Give k(104).
-2
Let f(y) = 263*y**3 - 1839*y**2 - 80*y + 462. Calculate f(7).
0
Let f(s) = 8*s**2 - 2200*s - 6546. What is f(278)?
126
Let z(r) = -2806*r - 311451. What is z(-111)?
15
Let f(j) = 12964*j + 38858. Calculate f(-3).
-34
Let x(m) = -2*m**3 - 67*m**2 + 189*m + 5200. Give x(-34).
-70
Let u(k) = -8733*k**2 - 8724*k + 3. Determine u(-1).
-6
Let s(j) = -1635*j**3 + 74*j**2 - 68*j - 4. Calculate s(1).
-1633
Let s(d) = -15*d**2 + 1020*d + 214. Determine s(68).
214
Let s(i) = i**3 - 5*i**2 + 296*i - 1434. Calculate s(5).
46
Let t(u) = 302*u**2 + 37*u - 48. Give t(1).
291
Let m(x) = 3182*x - 31815. What is m(10)?
5
Let r(k) = -2*k**3 + 118*k**2 - 96*k + 12. Calculate r(58).
1172
Let t(y) = 19*y**3 - 182*y**2 - 61*y + 109. What is t(10)?
299
Let b(t) = 338*t + 38935. Calculate b(-114).
403
Let o(x) = 6932*x + 89375. Calculate o(-13).
-741
Let c(y) = -2*y**3 - 334*y**2 - 2366*y - 868. Calculate c(-7).
14
Let g(h) = -1647*h + 14082. Give g(8).
906
Let w(u) = -2*u**3 + 8*u**2 + 295*u - 2633. Give w(9).
-788
Let d(s) = -185*s**2 - 7401*s - 55. What is d(-40)?
-15
Let n(h) = 131*h**2 - 7408*h - 14. Determine n(0).
-14
Let f(t) = 3*t**2 - 214*t - 9801. Calculate f(103).
-16
Let h(k) = -8*k**3 - 255*k**2 + 28*k - 398. What is h(-32)?
-270
Let p(i) = -1649216*i - 9895300. Calculate p(-6).
-4
Let b(m) = -m**3 - 88*m**2 - 1410*m - 3449. What is b(-17)?
2
Let o(t) = -t**3 + 157*t**2 - 159*t + 516. What is o(156)?
48
Let r(t) = -t**3 + 133*t**2 - 1218*t - 5. What is r(10)?
115
Let p(h) = 266375*h - 1598290. What is p(6)?
-40
Let m(a) = -52*a**2 - 50764*a - 11710. Determine m(-976).
2
Let t(f) = -2*f**3 - 38*f**2 + 734*f - 31. What is t(12)?
-151
Let c(v) = 8*v**2 - 399*v - 91707. What is c(-85)?
8
Let f(s) = 10*s**3 + 32*s**2 - 56*s - 25. Calculate f(2).
71
Let b(g) = -18*g**3 + 9*g**2 + 530*g + 2592. Determine b(-5).
2417
Let o(x) = 740*x + 6186. Calculate o(-8).
266
Let j(b) = -2435*b + 48642. Give j(20).
-58
Let n(u) = 8*u**2 - 364*u - 804. Determine n(51).
1440
Let n(t) = t**3 + 133*t**2 + 4421*t - 166. Determine n(-64).
-486
Let q(d) = d**2 + 148*d - 802. What is q(-152)?
-194
Let w(o) = -o**3 + 247*o**2 + 2806*o + 8238. What is w(258)?
-18
Let y(j) = -j**3 - 71*j**2 + 89*j + 1068. Calculate y(-72).
-156
Let a(u) = 165054*u - 660198. Give a(4).
18
Let d(v) = -9191*v + 84629. Calculate d(9).
1910
Let t(v) = -61*v + 2279. What is t(42)?
-283
Let d(z) = -22*z**2 + 4410*z + 2401. What is d(201)?
-11
Let s(z) = -z**3 + 20*z**2 + 66*z - 184. What is s(12)?
1760
Let b(x) = -x**2 + 3*x + 4564. Determine b(81).
-1754
Let j(a) = -a**3 + a**2 + 109*a - 352. Give j(9).
-19
Let i(v) = -9*v**3 - 199*v**2 + 192*v + 158. What is i(-23)?
-26
Let i(w) = 1037*w - 4243. What is i(4)?
-95
Let d(a) = -19*a**3 - 264*a**2 + 26*a - 66. Determine d(-14).
-38
Let z(b) = b**3 + 31*b**2 + 130*b + 941. Give z(-28).
-347
Let h(b) = b**3 - 15*b**2 + 42*b - 1711. What is h(18)?
17
Let s(v) = -333*v + 103742. Give s(303).
2843
Let x(i) = i**3 - 125*i**2 - 2412*i - 388. Give x(142).
-104
Let l(m) = -m**2 + 2295*m - 716886. Determine l(373).
20
Let n(l) = -167*l**3 - 23879*l**2 + 432*l + 20884. Determine n(-143).
6
Let q(s) = 40488*s + 80986. Give q(-2).
10
Let q(o) = 10*o**2 - 237*o - 6. Give q(-4).
1102
Let z(v) = 3786*v + 45351. What is z(-12)?
-81
Let m(u) = -2*u**2 - 183*u + 11860. Give m(-136).
-244
Let b(o) = -11115*o + 77807. Calculate b(7).
2
Let z(n) = 136*n**2 + 1281*n + 1290. Determine z(-1).
145
Let d(n) = -3*n**3 - 66*n**2 + 249*n + 289. What is d(-25)?
-311
Let j(r) = 4*r**2 - 178*r - 9575. Calculate j(76).
1
Let d(k) = 5*k**2 + 1791*k + 94360. Give d(-294).
-14
Let r(j) = 8584*j 